275 and k.
11
Suppose 30*l - 1134 = 9*l. What is the highest common divisor of l and 27?
27
Let r be 7 - 8 - (2 + 0). Let s be 26/39 - 313/r. Let c(a) = 3*a**3 - 4*a**2 - 2*a + 3. Let x be c(3). Calculate the greatest common factor of s and x.
21
Suppose 4*x + 4*p - 144 = 0, 4*x + 79 - 247 = 2*p. Suppose -4*u + 55 = u - 3*m, u + 5*m + 17 = 0. Calculate the highest common factor of x and u.
8
Let n be (3 - -5) + 3 + -4. Suppose -20 = -w - n. Suppose -15 - 11 = -2*p. Calculate the highest common divisor of w and p.
13
Let i = -229 + 832. Calculate the highest common factor of i and 9.
9
Let d be 6/39 + 48/26. Suppose 0 = -d*q - 3*q + 20. Suppose -q*p = -12 - 0. Calculate the highest common divisor of p and 24.
3
Suppose 2*i + 101 = -41. Let a = 101 + i. Calculate the highest common divisor of a and 5.
5
Let v(a) = -a**2 - 14*a + 94. Let r be v(-18). What is the highest common factor of r and 682?
22
Let b(a) = -71*a - 178. Let d be b(-6). Calculate the highest common factor of 40 and d.
8
Suppose 7*t - 8*t + 22 = 0. Let z = 21 - 19. What is the greatest common divisor of z and t?
2
Let z(j) = -7*j + 163. Let t be z(-43). Calculate the greatest common divisor of t and 29.
29
Suppose 30 = x - 3*r, -20*x + 2*r = -24*x + 64. Suppose 5*d + 3*t - 177 = -0*t, 5*d - 179 = -t. What is the greatest common factor of d and x?
18
Let s = 373 - 239. What is the greatest common factor of s and 67?
67
Suppose 66*d - 1954 - 4448 = 0. What is the highest common divisor of 970 and d?
97
Suppose -78*v = -61*v - 1292. Calculate the greatest common divisor of 342 and v.
38
Suppose 5*h + 4 = -0*h - 4*x, 5*h = -2*x - 2. Suppose 5*g - 177 + 12 = h. Let n = 6 - 3. What is the highest common factor of g and n?
3
Let l(r) = -r**3 - 22*r**2 + 50*r - 155. Let x be l(-25). Calculate the highest common divisor of 94 and x.
94
Let u = -14 - -24. Suppose -3*q = -7*q. Let o = u - q. What is the highest common factor of o and 50?
10
Suppose -5*n = -20, 170 + 270 = 4*w - 4*n. Let d = w - 6. Calculate the highest common factor of d and 12.
12
Suppose 49 + 71 = 12*h. Calculate the greatest common factor of 375 and h.
5
Let k be ((-12)/(-15))/((-7)/(-1190)). What is the highest common factor of k and 17?
17
Let y(b) = -4*b - 20. Let w be y(-8). Let q = -9 + 21. Let t be (q/7)/((-10)/(-70)). What is the greatest common factor of t and w?
12
Suppose -108*m + 112*m = 4. Let l = -4 + 11. Calculate the highest common factor of m and l.
1
Suppose 7*y = 4*y - 2*m + 112, -4*y - 4*m + 148 = 0. Let h = 7 + y. Calculate the greatest common factor of 18 and h.
9
Let r(i) be the first derivative of i**3/3 + 9*i**2/2 + 2*i - 5. Let b be r(-9). Let l be 0 - -2 - (-40)/5. What is the highest common divisor of b and l?
2
Suppose -44*j + 756 = -35*j. What is the greatest common divisor of 24 and j?
12
Let l be (-1 - (-142)/10)/((-74)/(-555)). Calculate the greatest common factor of 11 and l.
11
Suppose 3*j - j = 70. Suppose -23*f = -2127 + 517. Calculate the highest common factor of f and j.
35
Let m(z) = -z**3 + 32*z**2 - 48*z + 54. Let s be m(30). What is the greatest common divisor of 18 and s?
18
Let a = 15 - 2. Let y(r) = r**2 - 50*r + 601. Let f be y(30). Calculate the highest common divisor of a and f.
1
Let f(c) = 58*c - 55. Let i be f(5). What is the highest common factor of i and 47?
47
Let k = 25 - 20. Suppose -25 = -2*t + 7*t - k*d, 5*t + d = 5. Suppose 0 = -l - t + 15. Calculate the highest common factor of l and 5.
5
Let b be (32 + -10)*13/2. Let v = 17 + -4. What is the highest common divisor of v and b?
13
Let i be 25/(-3) - 12/18. Let p = i - -13. Suppose r = -3*c - 6, -p*c = -3*r + 2 + 19. What is the greatest common factor of r and 6?
3
Let d(i) be the first derivative of 2*i**2 - 21*i + 1. Let o be d(9). What is the greatest common divisor of o and 15?
15
Suppose 0 = -7*x + 7640 - 388. What is the highest common divisor of 56 and x?
28
Suppose 4*l = 3*r - 22, -3*r + 15*l - 20*l = -13. What is the greatest common divisor of r and 3?
3
Suppose -23*u + 3*u + 280 = 0. What is the greatest common factor of 63 and u?
7
Let s(k) = k + 8. Let w be s(-5). Suppose -5*v - 11 = 2*f, f + 4*f = w*v + 50. Calculate the greatest common divisor of 35 and f.
7
Let q = -168 + 159. Let t be 142/(-6) - 1/3. Let r = q - t. Calculate the greatest common divisor of r and 165.
15
Suppose 0 = 5*u - 22 - 38. Let p = u + 27. What is the highest common divisor of 195 and p?
39
Let x be 280/(-4 - 3)*(-2)/5. Suppose 3*w + w = x. Calculate the highest common divisor of w and 28.
4
Let i(r) = r**2 + 2*r - 10. Suppose 0 = -3*n + 4*j - 34, 5*n = -0*j - 3*j - 18. Let u be i(n). What is the greatest common divisor of 63 and u?
7
Suppose 2*q - 75 = -5*i, -4*q + 0*q + 4*i = -164. Let z = -7708 + 7713. What is the highest common factor of z and q?
5
Suppose -131 = -44*z + 1. Calculate the greatest common divisor of z and 37.
1
Suppose 3*o + 0*o = 726. Suppose o = 5*u - 2*n, 5*n = -u + 2*u - 30. Let k = -2663 - -2673. What is the greatest common divisor of k and u?
10
Suppose 2*s - 2*v = 58, 0*s + 56 = 2*s - 4*v. Calculate the highest common divisor of s and 160.
10
Let h be 2/6 - (-51)/9. Suppose 0 = -2*b + h, 0 = -2*k - b + 3*b. Calculate the greatest common divisor of k and 27.
3
Let a(b) be the first derivative of -5*b**2/2 - 55*b - 3. Let u be a(-20). Calculate the highest common divisor of 9 and u.
9
Let i = -579 - -591. What is the highest common divisor of i and 948?
12
Suppose -8*r = -3*r - 150. Let c be -1 - 10*-1 - 2. Let x(o) = 7*o**2 - 11*o + 4. Let k be x(c). Calculate the highest common factor of k and r.
30
Let n = 56 - 84. Let b = 12 - n. Let z = 8 - -2. What is the highest common factor of z and b?
10
Suppose -27*b + 1188 = -15*b. Calculate the highest common factor of b and 396.
99
Suppose 3*x - 748 = -5*b, 4*x + 768 = 5*b + 2*x. Suppose 0*c + 4*o = 3*c - b, 4*o - 232 = -5*c. What is the highest common divisor of 3 and c?
3
Let t = -1882 - -2026. Calculate the greatest common factor of 2736 and t.
144
Suppose 0 = -0*q - q + 49. Suppose 2*p - 12 = -2*a, -2 = -a - 2*p - 3*p. Calculate the greatest common factor of q and a.
7
Suppose 816 - 1080 = -3*y. Suppose 2*v = d - 2, -d - v - 4 = -5*v. Calculate the greatest common factor of y and d.
8
Let f(h) = -h**3 + 5*h**2 + 9*h - 10. Let x be f(6). Let l(w) = w**3 + 22*w**2 - 22*w + 63. Let g be l(-23). What is the highest common factor of g and x?
8
Let b be 32472/287 - -12*(-2)/21. Calculate the highest common divisor of b and 528.
16
Suppose -10*h + 376 = -2*h. Calculate the greatest common factor of 329 and h.
47
Suppose 29 + 163 = 16*f. Calculate the highest common divisor of f and 270.
6
Suppose 18*c = 704 - 308. Calculate the highest common factor of c and 2882.
22
Let c be 12/(-90) + 6/45. Suppose c = -3*k + 14*k - 836. Let m(r) = 2*r**3 + r**2 - 2*r + 3. Let s be m(2). Calculate the highest common divisor of k and s.
19
Suppose -9 - 3 = -4*t. Suppose 0 = 4*n - 0*w - t*w + 72, 4*n + 3*w = -48. Let x = n + 24. What is the highest common factor of x and 9?
9
Suppose 0 = 4*u - u - 3, 3*k = 2*u + 328. Let n(l) = -3*l**2 + 164*l - 98. Let p be n(54). Calculate the greatest common divisor of k and p.
10
Let x(h) = 71*h**2 + 1. Suppose 0 = -2*r + 4. Let f be (2/r)/(-1*1). Let v be x(f). What is the greatest common factor of v and 18?
18
Let j be 4 + (52073/84 - (-2)/24). Calculate the greatest common factor of j and 16.
16
Let s be (-2)/6*132/(-2). Let v = 574 + -420. What is the greatest common factor of s and v?
22
Let a = -5 + 195. What is the highest common factor of 30 and a?
10
Let s = 11 + 7. Suppose -s + 102 = v. Let i = 28 - 14. Calculate the highest common divisor of i and v.
14
Let p be (-2)/(((-10)/(-52))/(-5)). Let q = 80 - p. Let z = q + -27. What is the highest common divisor of z and 1?
1
Suppose -2*l + 13 = 5. Suppose l*x + 3 - 19 = 0. Suppose 28 = 2*b + x. Calculate the greatest common factor of 36 and b.
12
Let t = -9 + 1. Let y = t - -16. Suppose 24 - y = 2*h. What is the highest common divisor of 88 and h?
8
Let a = 2426 + -2402. Let y be (-32)/(22/12 + -2). What is the greatest common factor of a and y?
24
Suppose -25740 = 41*r - 50*r. What is the highest common divisor of r and 20?
20
Let g(z) = z**2 - 451*z + 447*z - 6*z**3 - 3*z**2